e highest common divisor of 146 and 302355269?
73
What is the greatest common divisor of 4026 and 3829458?
366
What is the greatest common factor of 384430464 and 528?
528
What is the highest common divisor of 3296 and 270304?
32
Calculate the greatest common factor of 1677 and 570008.
43
Calculate the greatest common divisor of 43944971 and 55720.
1393
Calculate the highest common factor of 4689 and 2861.
1
What is the highest common divisor of 496 and 41504?
16
Calculate the highest common factor of 1003 and 8744069.
17
Calculate the greatest common factor of 42285520 and 1696.
848
What is the greatest common divisor of 1971 and 1064997?
657
Calculate the highest common divisor of 703405 and 695.
5
What is the greatest common divisor of 56788 and 7888?
4
What is the greatest common divisor of 4665 and 14460?
15
Calculate the highest common factor of 11215728 and 32.
16
What is the highest common factor of 941 and 191680759?
941
What is the highest common factor of 550 and 634864450?
550
What is the greatest common factor of 16269737 and 3355?
671
What is the highest common divisor of 4392155 and 88290?
545
What is the greatest common factor of 146064 and 4121616?
816
Calculate the highest common factor of 37262848 and 370.
74
Calculate the highest common divisor of 2547084 and 260400.
372
Calculate the greatest common divisor of 174369952 and 2.
2
What is the highest common factor of 348831 and 142688?
343
Calculate the greatest common divisor of 498 and 121719251.
83
Calculate the highest common divisor of 21583943 and 1178.
19
What is the greatest common divisor of 94675 and 10050?
25
Calculate the greatest common factor of 10603728 and 144.
144
What is the highest common divisor of 4774 and 34684474?
682
Calculate the greatest common factor of 1519086 and 1809078.
1686
Calculate the highest common divisor of 147 and 8221318.
49
Calculate the greatest common factor of 124 and 7841357.
31
Calculate the highest common divisor of 20504 and 6919168.
1864
Calculate the greatest common factor of 2428490 and 22090.
470
What is the highest common divisor of 2354 and 2131734?
22
What is the greatest common factor of 982012 and 48716?
2564
What is the highest common divisor of 21666820 and 140?
140
Calculate the highest common divisor of 4244498 and 232.
58
What is the highest common factor of 3245056 and 1672?
8
Calculate the greatest common divisor of 156271 and 214349.
71
What is the greatest common divisor of 15552798 and 12?
6
What is the greatest common divisor of 6957474 and 72684?
4038
Calculate the highest common factor of 2500 and 1652900.
100
What is the highest common divisor of 6517 and 879187?
19
Calculate the greatest common divisor of 94 and 46078.
2
Calculate the highest common factor of 11866 and 1332001.
17
What is the greatest common factor of 324626960 and 7840?
3920
What is the highest common divisor of 192577 and 732793?
2501
What is the highest common divisor of 182528106 and 11034?
3678
What is the highest common factor of 152625926 and 4206?
1402
Calculate the highest common factor of 10 and 577230600.
10
Calculate the highest common factor of 994712 and 8.
8
Calculate the greatest common divisor of 121557438 and 46.
46
Calculate the greatest common factor of 702 and 851562.
18
Calculate the greatest common divisor of 4460253102 and 18.
18
Calculate the greatest common divisor of 3132 and 217146.
6
What is the highest common factor of 118018109 and 143?
11
What is the greatest common divisor of 13355587 and 1715?
49
Calculate the highest common divisor of 65233 and 26698.
7
Calculate the greatest common factor of 32189107 and 683.
683
Calculate the highest common factor of 186 and 26220544.
62
Calculate the highest common divisor of 7 and 21831439.
7
Calculate the greatest common factor of 99 and 41227439.
11
What is the highest common factor of 37445280 and 92310?
5430
Calculate the highest common divisor of 42479 and 59153.
397
What is the highest common factor of 31157427 and 14?
7
What is the greatest common factor of 86575671 and 6734?
3367
Calculate the greatest common divisor of 12 and 58600266.
6
What is the greatest common divisor of 9120 and 63257080?
760
What is the highest common factor of 21529982 and 78614?
3418
Calculate the highest common divisor of 1408391 and 5207.
41
Calculate the highest common divisor of 2336998 and 9018.
334
What is the greatest common divisor of 2079 and 11003553?
297
Calculate the greatest common factor of 2165692509 and 153.
153
Calculate the highest common factor of 485202 and 3049482.
2514
Calculate the greatest common factor of 7285400 and 63656.
584
What is the highest common factor of 30 and 23227146?
6
Calculate the greatest common factor of 10516 and 8712.
44
Calculate the greatest common divisor of 24 and 56825568.
24
What is the greatest common factor of 190589476 and 462?
154
What is the greatest common factor of 2149 and 856837?
307
What is the greatest common divisor of 11103682 and 4838?
118
Calculate the highest common factor of 6992 and 347714.
46
Calculate the highest common divisor of 25407722 and 2.
2
Calculate the highest common factor of 1457 and 35466482.
47
Calculate the highest common divisor of 377461246 and 2482.
146
What is the highest common divisor of 25165710 and 20?
10
What is the greatest common factor of 111035 and 1225575?
2095
What is the greatest common divisor of 2629441 and 30277?
2329
What is the greatest common divisor of 13552 and 483868?
308
Calculate the greatest common factor of 48926 and 7072.
34
What is the greatest common divisor of 1290 and 453865?
215
Calculate the greatest common factor of 122884 and 73594.
62
What is the highest common factor of 4250 and 44854125?
125
What is the highest common factor of 2956 and 10014928?
2956
What is the greatest common factor of 1550 and 6040970?
310
Calculate the highest common factor of 68887215 and 465.
15
What is the highest common factor of 2468823 and 1659?
21
Calculate the highest common divisor of 7300 and 29660.
20
Calculate the highest common factor of 4778247 and 955.
191
Calculate the highest common divisor of 1736 and 165416.
248
Calculate the greatest common divisor of 1308 and 1038725092.
436
Calculate the highest common divisor of 24650779 and 69.
23
Calculate the highest common divisor of 6343656144 and 168.
168
Calculate the highest common factor of 37572 and 4917084.
1212
Calculate the greatest common factor of 14 and 1463604.
2
What is the greatest common divisor of 5338 and 65871391?
157
What is the highest common divisor of 327075 and 3381?
147
What is the greatest common factor of 684 and 29487468?
228
Calculate the highest common factor of 778856 and 25636.
52
What is the greatest common factor of 504574975 and 449?
449
Calculate the highest common factor of 4017 and 167895.
39
Calculate the greatest common factor of 848 and 2673108.
212
Calculate the greatest common factor of 20 and 15324370.
10
What is the highest common divisor of 2521422 and 12561?
159
Calculate the highest common divisor of 264 and 268760.
8
What is the greatest common factor of 322 and 108164?
14
What is the greatest common divisor of 20520 and 119052?
36
What is the greatest common factor of 132 and 46196?
4
What is the greatest common divisor of 2887497 and 5256?
9
Calculate the highest common factor of 805 and 4136735.
5
Calculate the greatest common divisor of 132876730 and 1470.
490
What is the greatest common divisor of 8060 and 168175930?
4030
What is the highest common divisor of 73386 and 55296?
54
What is the greatest common factor of 225290 and 6850?
10
What is the greatest common factor of 6876442 and 342?
38
What is the greatest common divisor of 39718478 and 470?
94
Calculate the highest common divisor of 157626 and 27383.
139
What is the highest common factor of 18205318 and 1244?
622
Calculate the greatest common divisor of 63034796 and 110.
22
What is the highest common divisor of 5446000 and 1120?
560
What is the highest common divisor of 48 and 114723108?
12
Calculate the greatest common factor of 53637589 and 18886.
1349
Calculate the highest common divisor of 98425557 and 216.
27
Calculate the greatest common factor of 127370 and 5170.
470
What is the greatest common divisor 